{"id":60,"date":"2023-10-02T08:42:47","date_gmt":"2023-10-02T06:42:47","guid":{"rendered":"https:\/\/certifenergy.fr\/index.php\/about\/"},"modified":"2024-08-24T21:00:16","modified_gmt":"2024-08-24T19:00:16","slug":"cee","status":"publish","type":"page","link":"https:\/\/eco-ingenierie.fr\/index.php\/cee\/","title":{"rendered":"CEE"},"content":{"rendered":"\t\t<div data-elementor-type=\"wp-page\" data-elementor-id=\"60\" class=\"elementor elementor-60\" data-elementor-post-type=\"page\">\n\t\t\t\t\t\t\t<div class=\"elementor-element elementor-element-c20eae8 e-con-full e-flex e-con e-parent\" data-id=\"c20eae8\" data-element_type=\"container\" data-settings=\"{&quot;background_background&quot;:&quot;classic&quot;,&quot;content_width&quot;:&quot;full&quot;}\" data-core-v316-plus=\"true\">\n\t\t\t\t<div class=\"elementor-element elementor-element-ce571f0 elementor-widget elementor-widget-heading\" data-id=\"ce571f0\" data-element_type=\"widget\" data-widget_type=\"heading.default\">\n\t\t\t\t<div class=\"elementor-widget-container\">\n\t\t\t<style>\/*! elementor - v3.17.0 - 08-11-2023 *\/\n.elementor-heading-title{padding:0;margin:0;line-height:1}.elementor-widget-heading .elementor-heading-title[class*=elementor-size-]>a{color:inherit;font-size:inherit;line-height:inherit}.elementor-widget-heading .elementor-heading-title.elementor-size-small{font-size:15px}.elementor-widget-heading .elementor-heading-title.elementor-size-medium{font-size:19px}.elementor-widget-heading .elementor-heading-title.elementor-size-large{font-size:29px}.elementor-widget-heading .elementor-heading-title.elementor-size-xl{font-size:39px}.elementor-widget-heading .elementor-heading-title.elementor-size-xxl{font-size:59px}<\/style><h1 class=\"elementor-heading-title elementor-size-default\">les CEE<br> certificats \u00e9conomies d'\u00e9nergie<\/h1>\t\t<\/div>\n\t\t\t\t<\/div>\n\t\t\t\t<div class=\"elementor-element elementor-element-c71d611 elementor-grid-1 elementor-widget__width-auto elementor-fixed elementor-grid-mobile-1 elementor-shape-rounded e-grid-align-center elementor-widget elementor-widget-social-icons\" data-id=\"c71d611\" data-element_type=\"widget\" data-settings=\"{&quot;_position&quot;:&quot;fixed&quot;}\" data-widget_type=\"social-icons.default\">\n\t\t\t\t<div class=\"elementor-widget-container\">\n\t\t\t<style>\/*! elementor - v3.17.0 - 08-11-2023 *\/\n.elementor-widget-social-icons.elementor-grid-0 .elementor-widget-container,.elementor-widget-social-icons.elementor-grid-mobile-0 .elementor-widget-container,.elementor-widget-social-icons.elementor-grid-tablet-0 .elementor-widget-container{line-height:1;font-size:0}.elementor-widget-social-icons:not(.elementor-grid-0):not(.elementor-grid-tablet-0):not(.elementor-grid-mobile-0) .elementor-grid{display:inline-grid}.elementor-widget-social-icons .elementor-grid{grid-column-gap:var(--grid-column-gap,5px);grid-row-gap:var(--grid-row-gap,5px);grid-template-columns:var(--grid-template-columns);justify-content:var(--justify-content,center);justify-items:var(--justify-content,center)}.elementor-icon.elementor-social-icon{font-size:var(--icon-size,25px);line-height:var(--icon-size,25px);width:calc(var(--icon-size, 25px) + (2 * var(--icon-padding, .5em)));height:calc(var(--icon-size, 25px) + (2 * var(--icon-padding, .5em)))}.elementor-social-icon{--e-social-icon-icon-color:#fff;display:inline-flex;background-color:#69727d;align-items:center;justify-content:center;text-align:center;cursor:pointer}.elementor-social-icon i{color:var(--e-social-icon-icon-color)}.elementor-social-icon svg{fill:var(--e-social-icon-icon-color)}.elementor-social-icon:last-child{margin:0}.elementor-social-icon:hover{opacity:.9;color:#fff}.elementor-social-icon-android{background-color:#a4c639}.elementor-social-icon-apple{background-color:#999}.elementor-social-icon-behance{background-color:#1769ff}.elementor-social-icon-bitbucket{background-color:#205081}.elementor-social-icon-codepen{background-color:#000}.elementor-social-icon-delicious{background-color:#39f}.elementor-social-icon-deviantart{background-color:#05cc47}.elementor-social-icon-digg{background-color:#005be2}.elementor-social-icon-dribbble{background-color:#ea4c89}.elementor-social-icon-elementor{background-color:#d30c5c}.elementor-social-icon-envelope{background-color:#ea4335}.elementor-social-icon-facebook,.elementor-social-icon-facebook-f{background-color:#3b5998}.elementor-social-icon-flickr{background-color:#0063dc}.elementor-social-icon-foursquare{background-color:#2d5be3}.elementor-social-icon-free-code-camp,.elementor-social-icon-freecodecamp{background-color:#006400}.elementor-social-icon-github{background-color:#333}.elementor-social-icon-gitlab{background-color:#e24329}.elementor-social-icon-globe{background-color:#69727d}.elementor-social-icon-google-plus,.elementor-social-icon-google-plus-g{background-color:#dd4b39}.elementor-social-icon-houzz{background-color:#7ac142}.elementor-social-icon-instagram{background-color:#262626}.elementor-social-icon-jsfiddle{background-color:#487aa2}.elementor-social-icon-link{background-color:#818a91}.elementor-social-icon-linkedin,.elementor-social-icon-linkedin-in{background-color:#0077b5}.elementor-social-icon-medium{background-color:#00ab6b}.elementor-social-icon-meetup{background-color:#ec1c40}.elementor-social-icon-mixcloud{background-color:#273a4b}.elementor-social-icon-odnoklassniki{background-color:#f4731c}.elementor-social-icon-pinterest{background-color:#bd081c}.elementor-social-icon-product-hunt{background-color:#da552f}.elementor-social-icon-reddit{background-color:#ff4500}.elementor-social-icon-rss{background-color:#f26522}.elementor-social-icon-shopping-cart{background-color:#4caf50}.elementor-social-icon-skype{background-color:#00aff0}.elementor-social-icon-slideshare{background-color:#0077b5}.elementor-social-icon-snapchat{background-color:#fffc00}.elementor-social-icon-soundcloud{background-color:#f80}.elementor-social-icon-spotify{background-color:#2ebd59}.elementor-social-icon-stack-overflow{background-color:#fe7a15}.elementor-social-icon-steam{background-color:#00adee}.elementor-social-icon-stumbleupon{background-color:#eb4924}.elementor-social-icon-telegram{background-color:#2ca5e0}.elementor-social-icon-thumb-tack{background-color:#1aa1d8}.elementor-social-icon-tripadvisor{background-color:#589442}.elementor-social-icon-tumblr{background-color:#35465c}.elementor-social-icon-twitch{background-color:#6441a5}.elementor-social-icon-twitter{background-color:#1da1f2}.elementor-social-icon-viber{background-color:#665cac}.elementor-social-icon-vimeo{background-color:#1ab7ea}.elementor-social-icon-vk{background-color:#45668e}.elementor-social-icon-weibo{background-color:#dd2430}.elementor-social-icon-weixin{background-color:#31a918}.elementor-social-icon-whatsapp{background-color:#25d366}.elementor-social-icon-wordpress{background-color:#21759b}.elementor-social-icon-xing{background-color:#026466}.elementor-social-icon-yelp{background-color:#af0606}.elementor-social-icon-youtube{background-color:#cd201f}.elementor-social-icon-500px{background-color:#0099e5}.elementor-shape-rounded .elementor-icon.elementor-social-icon{border-radius:10%}.elementor-shape-circle .elementor-icon.elementor-social-icon{border-radius:50%}<\/style>\t\t<div class=\"elementor-social-icons-wrapper elementor-grid\">\n\t\t\t\t\t\t\t<span class=\"elementor-grid-item\">\n\t\t\t\t\t<a class=\"elementor-icon elementor-social-icon elementor-social-icon-facebook elementor-animation-grow elementor-repeater-item-902d5c1\" target=\"_blank\">\n\t\t\t\t\t\t<span class=\"elementor-screen-only\">Facebook<\/span>\n\t\t\t\t\t\t<i class=\"fab fa-facebook\"><\/i>\t\t\t\t\t<\/a>\n\t\t\t\t<\/span>\n\t\t\t\t\t\t\t<span class=\"elementor-grid-item\">\n\t\t\t\t\t<a class=\"elementor-icon elementor-social-icon elementor-social-icon-twitter elementor-animation-grow elementor-repeater-item-fb6f328\" target=\"_blank\">\n\t\t\t\t\t\t<span class=\"elementor-screen-only\">Twitter<\/span>\n\t\t\t\t\t\t<i class=\"fab fa-twitter\"><\/i>\t\t\t\t\t<\/a>\n\t\t\t\t<\/span>\n\t\t\t\t\t\t\t<span class=\"elementor-grid-item\">\n\t\t\t\t\t<a class=\"elementor-icon elementor-social-icon elementor-social-icon-youtube elementor-animation-grow elementor-repeater-item-bbd7dda\" target=\"_blank\">\n\t\t\t\t\t\t<span class=\"elementor-screen-only\">Youtube<\/span>\n\t\t\t\t\t\t<i class=\"fab fa-youtube\"><\/i>\t\t\t\t\t<\/a>\n\t\t\t\t<\/span>\n\t\t\t\t\t<\/div>\n\t\t\t\t<\/div>\n\t\t\t\t<\/div>\n\t\t\t\t<\/div>\n\t\t<div class=\"elementor-element elementor-element-1e124fa e-flex e-con-boxed e-con e-parent\" data-id=\"1e124fa\" data-element_type=\"container\" data-settings=\"{&quot;background_background&quot;:&quot;classic&quot;,&quot;content_width&quot;:&quot;boxed&quot;}\" data-core-v316-plus=\"true\">\n\t\t\t\t\t<div class=\"e-con-inner\">\n\t\t\t\t<div class=\"elementor-element elementor-element-3340b04 elementor-widget elementor-widget-menu-anchor\" data-id=\"3340b04\" data-element_type=\"widget\" data-widget_type=\"menu-anchor.default\">\n\t\t\t\t<div class=\"elementor-widget-container\">\n\t\t\t<style>\/*! elementor - v3.17.0 - 08-11-2023 *\/\nbody.elementor-page .elementor-widget-menu-anchor{margin-bottom:0}<\/style>\t\t<div id=\"Accompagnement\" class=\"elementor-menu-anchor\"><\/div>\n\t\t\t\t<\/div>\n\t\t\t\t<\/div>\n\t\t\t\t<div class=\"elementor-element elementor-element-9310877 elementor-widget elementor-widget-heading\" data-id=\"9310877\" data-element_type=\"widget\" data-widget_type=\"heading.default\">\n\t\t\t\t<div class=\"elementor-widget-container\">\n\t\t\t<h1 class=\"elementor-heading-title elementor-size-default\">\u00c0 PROPOS\u200b<\/h1>\t\t<\/div>\n\t\t\t\t<\/div>\n\t\t\t\t<div class=\"elementor-element elementor-element-598665f elementor-widget elementor-widget-heading\" data-id=\"598665f\" data-element_type=\"widget\" data-widget_type=\"heading.default\">\n\t\t\t\t<div class=\"elementor-widget-container\">\n\t\t\t<h3 class=\"elementor-heading-title elementor-size-default\">Comprendre les CEE : Cl\u00e9 de la Transition \u00c9nerg\u00e9tique<\/h3>\t\t<\/div>\n\t\t\t\t<\/div>\n\t\t\t\t<div class=\"elementor-element elementor-element-40f4531 elementor-widget elementor-widget-text-editor\" data-id=\"40f4531\" data-element_type=\"widget\" data-widget_type=\"text-editor.default\">\n\t\t\t\t<div class=\"elementor-widget-container\">\n\t\t\t<style>\/*! elementor - v3.17.0 - 08-11-2023 *\/\n.elementor-widget-text-editor.elementor-drop-cap-view-stacked .elementor-drop-cap{background-color:#69727d;color:#fff}.elementor-widget-text-editor.elementor-drop-cap-view-framed .elementor-drop-cap{color:#69727d;border:3px solid;background-color:transparent}.elementor-widget-text-editor:not(.elementor-drop-cap-view-default) .elementor-drop-cap{margin-top:8px}.elementor-widget-text-editor:not(.elementor-drop-cap-view-default) .elementor-drop-cap-letter{width:1em;height:1em}.elementor-widget-text-editor .elementor-drop-cap{float:left;text-align:center;line-height:1;font-size:50px}.elementor-widget-text-editor .elementor-drop-cap-letter{display:inline-block}<\/style>\t\t\t\t<p>Le m\u00e9canisme des Certificats d&rsquo;\u00c9conomies d&rsquo;\u00c9nergie a vu le jour avec la loi sur l&rsquo;\u00e9nergie du 13 juillet 2005, inscrite dans le cadre de la loi POPE. Son but est de promouvoir les \u00e9conomies d&rsquo;\u00e9nergie dans divers domaines, notamment le secteur immobilier, tout en englobant la petite et moyenne industrie, l&rsquo;agriculture, et les transports.<\/p>\t\t\t\t\t\t<\/div>\n\t\t\t\t<\/div>\n\t\t<div class=\"elementor-element elementor-element-c4eb75b e-con-full e-flex e-con e-child\" data-id=\"c4eb75b\" data-element_type=\"container\" data-settings=\"{&quot;content_width&quot;:&quot;full&quot;}\">\n\t\t\t\t<div class=\"elementor-element elementor-element-213df54 elementor-view-stacked elementor-shape-square elementor-widget__width-initial elementor-position-top elementor-mobile-position-top elementor-widget elementor-widget-icon-box\" data-id=\"213df54\" data-element_type=\"widget\" data-widget_type=\"icon-box.default\">\n\t\t\t\t<div class=\"elementor-widget-container\">\n\t\t\t<link rel=\"stylesheet\" href=\"https:\/\/eco-ingenierie.fr\/wp-content\/plugins\/elementor\/assets\/css\/widget-icon-box.min.css\">\t\t<div class=\"elementor-icon-box-wrapper\">\n\t\t\t\t\t\t<div class=\"elementor-icon-box-icon\">\n\t\t\t\t<span  class=\"elementor-icon elementor-animation-shrink\">\n\t\t\t\t<svg xmlns=\"http:\/\/www.w3.org\/2000\/svg\" xmlns:xlink=\"http:\/\/www.w3.org\/1999\/xlink\" width=\"512\" height=\"512\" x=\"0\" y=\"0\" viewBox=\"0 0 512 512\" style=\"enable-background:new 0 0 512 512\" xml:space=\"preserve\" class=\"\"><g><path d=\"M464.8 453.345h-9.121V437c0-6.275-.693-10.667-2.182-13.82-2.032-4.306-5.793-6.775-10.318-6.775h-10.654V263.5h10.654c6.893 0 12.5-5.607 12.5-12.5v-18.933h9.027c4.34 0 8.023-2.813 9.165-7 1.142-4.188-.603-8.481-4.342-10.684l-92.244-54.371a7.5 7.5 0 1 0-7.617 12.922l74.874 44.133H67.457L256 105.937l83.475 49.201a7.499 7.499 0 0 0 10.269-2.653 7.5 7.5 0 0 0-2.653-10.27L263.5 92.945V74.327h26.962v23.842a7.5 7.5 0 0 0 7.5 7.5h88c5.79 0 10.5-4.71 10.5-10.5V50.797c0-5.79-4.71-10.5-10.5-10.5h-30.323V19.455c0-5.79-4.71-10.5-10.5-10.5H263.5V7.5a7.5 7.5 0 0 0-15 0v85.445L42.471 214.383c-3.739 2.204-5.484 6.497-4.342 10.685 1.142 4.187 4.825 7 9.165 7h9.027V251c0 6.893 5.607 12.5 12.5 12.5h10.654v152.905H68.821c-6.893 0-12.5 5.607-12.5 12.5v24.439H47.2c-6.893 0-12.5 5.607-12.5 12.5V499.5c0 6.893 5.607 12.5 12.5 12.5h417.6c6.893 0 12.5-5.607 12.5-12.5v-33.655c0-6.893-5.608-12.5-12.5-12.5zM305.462 84.641V74.327h16.513zm46.681-11.48a7.487 7.487 0 0 0 3.496-6.334v-11.53h25.823v35.372H324.12zM263.5 23.955h77.139v35.372H263.5zm94.235 392.45V263.5h20.899v152.905zM200.656 379.5a7.5 7.5 0 0 0-7.5 7.5v28.286h-23.891V263.5h23.891V352a7.5 7.5 0 0 0 15 0v-88.5h20.899v152.905h-20.899V387a7.5 7.5 0 0 0-7.5-7.5zm43.399 35.786V263.5h23.891v151.786zm38.89-151.786h20.899v152.905h-20.899zm35.899 151.786V263.5h23.891v151.786zm98.681 0h-23.891V263.5h23.891zM71.321 232.067h369.358V248.5H71.321zm47.045 31.433v151.786H94.475V263.5zm15 0h20.899v152.905h-20.899zM462.3 497H49.7v-28.655H356a7.5 7.5 0 0 0 0-15H71.321v-21.939h369.036c.168 1.14.322 2.915.322 5.595v16.345H391a7.5 7.5 0 0 0 0 15h71.3z\" fill=\"#c8d5dc\" opacity=\"1\" data-original=\"#000000\" class=\"\"><\/path><path d=\"M222.754 169.249c0 18.332 14.914 33.245 33.246 33.245s33.246-14.914 33.246-33.245-14.914-33.246-33.246-33.246-33.246 14.914-33.246 33.246zm51.492 0c0 10.061-8.185 18.245-18.246 18.245s-18.246-8.185-18.246-18.245 8.185-18.246 18.246-18.246 18.246 8.185 18.246 18.246z\" fill=\"#c8d5dc\" opacity=\"1\" data-original=\"#000000\" class=\"\"><\/path><\/g><\/svg>\t\t\t\t<\/span>\n\t\t\t<\/div>\n\t\t\t\t\t\t<div class=\"elementor-icon-box-content\">\n\t\t\t\t<h4 class=\"elementor-icon-box-title\">\n\t\t\t\t\t<span  >\n\t\t\t\t\t\tIncitation Gouvernementale\t\t\t\t\t<\/span>\n\t\t\t\t<\/h4>\n\t\t\t\t\t\t\t\t\t<p class=\"elementor-icon-box-description\">\n\t\t\t\t\t\t<b>Le m\u00e9canisme des CEE est une initiative gouvernementale visant \u00e0 encourager la transition \u00e9nerg\u00e9tique, tout en gratifiant les usagers qui s'engagent activement \u00e0 diminuer leur consommation \u00e9nerg\u00e9tique.<\/b>\n<br><br>\nLes distributeurs d'\u00e9nergie, aussi d\u00e9sign\u00e9s comme \"oblig\u00e9s\", ont la responsabilit\u00e9 de d\u00e9montrer \u00e0 l'\u00c9tat leur engagement actif dans la transition \u00e9nerg\u00e9tique.\n<br><br>\nPour structurer ce m\u00e9canisme, le P\u00f4le National des CEE a \u00e9tabli des normes strictes et des crit\u00e8res d'admissibilit\u00e9, mat\u00e9rialis\u00e9s par pr\u00e8s de 200 fiches normatives.\n<br><br>\nCe syst\u00e8me, depuis ses d\u00e9buts, fonctionne selon des cycles d'obligation de quatre ans, renouvelables. \n<br><br>\n\u00c0 la cl\u00f4ture de chaque cycle, les oblig\u00e9s doivent prouver qu'ils ont rempli leurs engagements en pr\u00e9sentant les Certificats d\u2019\u00c9conomie d\u2019\u00c9nergie obtenus.\n<br><br>\nLe taux de conversion de ces certificats en unit\u00e9 \u00e9nerg\u00e9tique est le \"cumac\", o\u00f9 1 Certificat d\u2019\u00c9conomie d\u2019\u00c9nergie \u00e9quivaut \u00e0 1 kWh cumacs.\n<br><br>\nAu terme du quatri\u00e8me cycle (2018-2021), plus de 2134 TWh Cumacs en initiatives d'efficacit\u00e9 \u00e9nerg\u00e9tique auront \u00e9t\u00e9 financ\u00e9s, avec plus d'un quart destin\u00e9 \u00e0 soutenir les foyers confront\u00e9s \u00e0 la pr\u00e9carit\u00e9 \u00e9nerg\u00e9tique.\n<br><br>\nFace \u00e0 ces succ\u00e8s, le gouvernement a opt\u00e9 pour la poursuite du programme CEE pour une cinqui\u00e8me phase, s'\u00e9talant de 2022 \u00e0 2025, consolidant ainsi cet \u00e9lan.\t\t\t\t\t<\/p>\n\t\t\t\t\t\t\t<\/div>\n\t\t<\/div>\n\t\t\t\t<\/div>\n\t\t\t\t<\/div>\n\t\t\t\t<div class=\"elementor-element elementor-element-0f4b046 elementor-view-stacked elementor-shape-square elementor-widget__width-initial elementor-position-top elementor-mobile-position-top elementor-widget elementor-widget-icon-box\" data-id=\"0f4b046\" data-element_type=\"widget\" data-widget_type=\"icon-box.default\">\n\t\t\t\t<div class=\"elementor-widget-container\">\n\t\t\t\t\t<div class=\"elementor-icon-box-wrapper\">\n\t\t\t\t\t\t<div class=\"elementor-icon-box-icon\">\n\t\t\t\t<span  class=\"elementor-icon elementor-animation-shrink\">\n\t\t\t\t<svg xmlns=\"http:\/\/www.w3.org\/2000\/svg\" xmlns:xlink=\"http:\/\/www.w3.org\/1999\/xlink\" width=\"512\" height=\"512\" x=\"0\" y=\"0\" viewBox=\"0 0 682.667 682.667\" style=\"enable-background:new 0 0 512 512\" xml:space=\"preserve\" class=\"\"><g><defs><clipPath id=\"a\" clipPathUnits=\"userSpaceOnUse\"><path d=\"M0 512h512V0H0Z\" fill=\"#c8d5dc\" opacity=\"1\" data-original=\"#000000\"><\/path><\/clipPath><\/defs><g clip-path=\"url(#a)\" transform=\"matrix(1.33333 0 0 -1.33333 0 682.667)\"><path d=\"M0 0h337.766v301.643H0l-144.234-150.822Z\" style=\"stroke-width:30;stroke-linecap:round;stroke-linejoin:round;stroke-miterlimit:10;stroke-dasharray:none;stroke-opacity:1\" transform=\"translate(159.234 105.179)\" fill=\"none\" stroke=\"#c8d5dc\" stroke-width=\"30\" stroke-linecap=\"round\" stroke-linejoin=\"round\" stroke-miterlimit=\"10\" stroke-dasharray=\"none\" stroke-opacity=\"\" data-original=\"#000000\" opacity=\"1\" class=\"\"><\/path><path d=\"m0 0-28.401 97.416L-56.802 0Zm-104.231-58.222c0 .852 0 1.704.283 2.556l56.519 184.039c2.272 6.816 10.508 10.224 19.028 10.224 8.521 0 17.041-3.408 19.313-10.224L47.146-55.666c.284-.852.568-1.704.568-2.556 0-7.1-10.508-12.496-19.029-12.496-4.828 0-8.804 1.703-10.224 6.248L6.817-24.141h-70.151L-74.978-64.47c-1.42-4.545-5.397-6.248-10.509-6.248-8.236 0-18.744 5.112-18.744 12.496\" style=\"fill-opacity:1;fill-rule:nonzero;stroke:none\" transform=\"translate(284.259 222.06)\" fill=\"#c8d5dc\" data-original=\"#000000\" opacity=\"1\"><\/path><path d=\"M0 0v-56.2\" style=\"stroke-width:30;stroke-linecap:round;stroke-linejoin:round;stroke-miterlimit:10;stroke-dasharray:none;stroke-opacity:1\" transform=\"translate(401.614 284.1)\" fill=\"none\" stroke=\"#c8d5dc\" stroke-width=\"30\" stroke-linecap=\"round\" stroke-linejoin=\"round\" stroke-miterlimit=\"10\" stroke-dasharray=\"none\" stroke-opacity=\"\" data-original=\"#000000\" opacity=\"1\" class=\"\"><\/path><path d=\"M0 0h-56.201\" style=\"stroke-width:30;stroke-linecap:round;stroke-linejoin:round;stroke-miterlimit:10;stroke-dasharray:none;stroke-opacity:1\" transform=\"translate(429.714 256)\" fill=\"none\" stroke=\"#c8d5dc\" stroke-width=\"30\" stroke-linecap=\"round\" stroke-linejoin=\"round\" stroke-miterlimit=\"10\" stroke-dasharray=\"none\" stroke-opacity=\"\" data-original=\"#000000\" opacity=\"1\" class=\"\"><\/path><\/g><\/g><\/svg>\t\t\t\t<\/span>\n\t\t\t<\/div>\n\t\t\t\t\t\t<div class=\"elementor-icon-box-content\">\n\t\t\t\t<h4 class=\"elementor-icon-box-title\">\n\t\t\t\t\t<span  >\n\t\t\t\t\t\tValorisation des CEE \t\t\t\t\t<\/span>\n\t\t\t\t<\/h4>\n\t\t\t\t\t\t\t\t\t<p class=\"elementor-icon-box-description\">\n\t\t\t\t\t\t<b>\nECO INGENIERIE, votre partenaire expert en CEE. Optimisez et valorisez vos certificats, tout en b\u00e9n\u00e9ficiant d'une veille r\u00e9glementaire constante. Simplifiez vos d\u00e9marches, et assurez-vous un financement rapide.<\/b><br><br>\n\nGr\u00e2ce \u00e0 notre solide expertise en mati\u00e8re de CEE, nous nous positionnons comme un pilier incontournable de ce dispositif et collaborons avec les professionnels les plus renomm\u00e9s en mati\u00e8re d'efficacit\u00e9 \u00e9nerg\u00e9tique au sein de notre r\u00e9seau partenarial.\n<br><br>\nNotre surveillance constante des r\u00e9glementations vous assure d'\u00eatre toujours \u00e0 jour sur les \u00e9volutions des fiches standardis\u00e9es.\n<br><br>\n<b>Faites confiance \u00e0 ECO INGENIERIE pour valoriser vos CEE : optez pour des proc\u00e9dures fluides et la certitude d'une r\u00e9mun\u00e9ration dans des d\u00e9lais optimis\u00e9s !<b><\/b><\/b>\t\t\t\t\t<\/p>\n\t\t\t\t\t\t\t<\/div>\n\t\t<\/div>\n\t\t\t\t<\/div>\n\t\t\t\t<\/div>\n\t\t\t\t<\/div>\n\t\t<div class=\"elementor-element elementor-element-f4143ae e-flex e-con-boxed e-con e-child\" data-id=\"f4143ae\" data-element_type=\"container\" data-settings=\"{&quot;content_width&quot;:&quot;boxed&quot;}\">\n\t\t\t\t\t<div class=\"e-con-inner\">\n\t\t\t\t<div class=\"elementor-element elementor-element-0f35442 elementor-align-center elementor-widget__width-initial elementor-invisible elementor-widget elementor-widget-button\" data-id=\"0f35442\" data-element_type=\"widget\" data-settings=\"{&quot;_animation&quot;:&quot;fadeInDown&quot;}\" data-widget_type=\"button.default\">\n\t\t\t\t<div class=\"elementor-widget-container\">\n\t\t\t\t\t<div class=\"elementor-button-wrapper\">\n\t\t\t<a class=\"elementor-button elementor-button-link elementor-size-sm\" href=\"https:\/\/www.certifenergy.fr\/#pour-qui\" target=\"_blank\" rel=\"noopener\">\n\t\t\t\t\t\t<span class=\"elementor-button-content-wrapper\">\n\t\t\t\t\t\t<span class=\"elementor-button-text\">Pour qui ?<\/span>\n\t\t<\/span>\n\t\t\t\t\t<\/a>\n\t\t<\/div>\n\t\t\t\t<\/div>\n\t\t\t\t<\/div>\n\t\t\t\t<div class=\"elementor-element elementor-element-d4b6225 elementor-align-center elementor-widget__width-initial elementor-invisible elementor-widget elementor-widget-button\" data-id=\"d4b6225\" data-element_type=\"widget\" data-settings=\"{&quot;_animation&quot;:&quot;fadeInDown&quot;}\" data-widget_type=\"button.default\">\n\t\t\t\t<div class=\"elementor-widget-container\">\n\t\t\t\t\t<div class=\"elementor-button-wrapper\">\n\t\t\t<a class=\"elementor-button elementor-button-link elementor-size-sm\" href=\"\/contact\/\">\n\t\t\t\t\t\t<span class=\"elementor-button-content-wrapper\">\n\t\t\t\t\t\t<span class=\"elementor-button-text\">Appelez nous !<\/span>\n\t\t<\/span>\n\t\t\t\t\t<\/a>\n\t\t<\/div>\n\t\t\t\t<\/div>\n\t\t\t\t<\/div>\n\t\t\t\t\t<\/div>\n\t\t\t\t<\/div>\n\t\t\t\t\t<\/div>\n\t\t\t\t<\/div>\n\t\t<div class=\"elementor-element elementor-element-5363056b e-con-full e-flex e-con e-parent\" data-id=\"5363056b\" data-element_type=\"container\" data-settings=\"{&quot;background_background&quot;:&quot;classic&quot;,&quot;content_width&quot;:&quot;full&quot;}\" data-core-v316-plus=\"true\">\n\t\t\t\t<div class=\"elementor-element elementor-element-48b66488 elementor-widget elementor-widget-heading\" data-id=\"48b66488\" data-element_type=\"widget\" data-widget_type=\"heading.default\">\n\t\t\t\t<div class=\"elementor-widget-container\">\n\t\t\t<h2 class=\"elementor-heading-title elementor-size-default\">Discutons-en ensemble<\/h2>\t\t<\/div>\n\t\t\t\t<\/div>\n\t\t\t\t<div class=\"elementor-element elementor-element-46f1256e elementor-widget__width-initial elementor-widget elementor-widget-heading\" data-id=\"46f1256e\" data-element_type=\"widget\" data-widget_type=\"heading.default\">\n\t\t\t\t<div class=\"elementor-widget-container\">\n\t\t\t<h2 class=\"elementor-heading-title elementor-size-default\">PR\u00caT POUR UNE \u00c9NERGIE PLUS VERTE ?<\/h2>\t\t<\/div>\n\t\t\t\t<\/div>\n\t\t\t\t<div class=\"elementor-element elementor-element-245e0a43 elementor-align-center elementor-widget__width-initial elementor-invisible elementor-widget elementor-widget-button\" data-id=\"245e0a43\" data-element_type=\"widget\" data-settings=\"{&quot;_animation&quot;:&quot;fadeInDown&quot;}\" data-widget_type=\"button.default\">\n\t\t\t\t<div class=\"elementor-widget-container\">\n\t\t\t\t\t<div class=\"elementor-button-wrapper\">\n\t\t\t<a class=\"elementor-button elementor-button-link elementor-size-sm\" href=\"https:\/\/webandroll-recette.fr\/certifenergy\/index.php\/contact\/\" target=\"_blank\" rel=\"noopener\">\n\t\t\t\t\t\t<span class=\"elementor-button-content-wrapper\">\n\t\t\t\t\t\t<span class=\"elementor-button-text\">Contactez nous<\/span>\n\t\t<\/span>\n\t\t\t\t\t<\/a>\n\t\t<\/div>\n\t\t\t\t<\/div>\n\t\t\t\t<\/div>\n\t\t\t\t<\/div>\n\t\t\t\t\t\t\t<\/div>\n\t\t","protected":false},"excerpt":{"rendered":"<p>les CEE certificats \u00e9conomies d&rsquo;\u00e9nergie Facebook Twitter Youtube \u00c0 PROPOS\u200b Comprendre les CEE : Cl\u00e9 de la Transition \u00c9nerg\u00e9tique Le m\u00e9canisme des Certificats d&rsquo;\u00c9conomies d&rsquo;\u00c9nergie a vu le jour avec la loi sur l&rsquo;\u00e9nergie du 13 juillet 2005, inscrite dans le cadre de la loi POPE. Son but est de promouvoir les \u00e9conomies d&rsquo;\u00e9nergie dans [&hellip;]<\/p>\n","protected":false},"author":1,"featured_media":0,"parent":0,"menu_order":0,"comment_status":"closed","ping_status":"closed","template":"","meta":{"footnotes":""},"_links":{"self":[{"href":"https:\/\/eco-ingenierie.fr\/index.php\/wp-json\/wp\/v2\/pages\/60"}],"collection":[{"href":"https:\/\/eco-ingenierie.fr\/index.php\/wp-json\/wp\/v2\/pages"}],"about":[{"href":"https:\/\/eco-ingenierie.fr\/index.php\/wp-json\/wp\/v2\/types\/page"}],"author":[{"embeddable":true,"href":"https:\/\/eco-ingenierie.fr\/index.php\/wp-json\/wp\/v2\/users\/1"}],"replies":[{"embeddable":true,"href":"https:\/\/eco-ingenierie.fr\/index.php\/wp-json\/wp\/v2\/comments?post=60"}],"version-history":[{"count":38,"href":"https:\/\/eco-ingenierie.fr\/index.php\/wp-json\/wp\/v2\/pages\/60\/revisions"}],"predecessor-version":[{"id":771,"href":"https:\/\/eco-ingenierie.fr\/index.php\/wp-json\/wp\/v2\/pages\/60\/revisions\/771"}],"wp:attachment":[{"href":"https:\/\/eco-ingenierie.fr\/index.php\/wp-json\/wp\/v2\/media?parent=60"}],"curies":[{"name":"wp","href":"https:\/\/api.w.org\/{rel}","templated":true}]}}